ainder when p is divided by (-723)/s - (-6)/27?
24
Suppose 5*b - h = 3740 + 847, 5*b + 5*h - 4605 = 0. Let i = b - 743. What is the remainder when i is divided by 37?
27
Let q = -19174 - -19184. Calculate the remainder when 19727 is divided by q.
7
Let y be (4 - 0/(-3)) + 122. Let d = -63 + y. Suppose -d = -5*m + 32. Calculate the remainder when 54 is divided by m.
16
Suppose 6 = 4*g - 2*g, 4*p + 11 = g. Let i be 30/(-3)*(1/p + 0). Suppose 2*m = -6, -i*f = m - 188 - 44. What is the remainder when f is divided by 10?
7
Let v be 15*-5*88/24. What is the remainder when v/(-1) - 4/(-4) is divided by 56?
52
Let x = -184 - -170. Let h(y) = -2*y**2 - 33*y + 8. What is the remainder when h(x) is divided by 8?
6
Let t(v) = 59*v**2 - 6*v + 4. Calculate the remainder when t(-1) is divided by 58.
11
Suppose -3531 = 12*z - 4539. Calculate the remainder when 565 is divided by z.
61
Let v(m) = -m**2 - 34*m + 103. Let u be v(14). Let b = -545 - u. Calculate the remainder when b is divided by 3.
0
Suppose -q - 5*d + 123 = 0, 171 = q + 4*d + 51. Calculate the remainder when q is divided by 6.
0
Let f(q) = -2*q**3 - 10*q**2 - 12*q + 9. Let a be f(-8). Suppose 6*i - 2625 = a. Calculate the remainder when i is divided by 87.
84
What is the remainder when (-7*11)/(-6 + 5) is divided by ((-63)/(-210)*50/(-4))/(3/(-16))?
17
Suppose -30*f + 890 = -1150. Calculate the remainder when 455 is divided by f.
47
Let d(y) = 6*y**2 + 2*y + 3. Suppose -4*q + 8 = -0. Suppose -q = -5*j - 17. Calculate the remainder when d(j) is divided by 26.
25
Let x = -3774 - -3785. What is the remainder when 1451 is divided by x?
10
Let i(v) = 3*v**2 + 12*v - 31. Let z = 101 - 53. Calculate the remainder when z is divided by i(-6).
3
Suppose 3*m = 7*m - 676. Suppose n - 31*p = -32*p + 39, 4*p - 20 = 0. What is the remainder when m is divided by n?
33
Let i be (0/35)/(0 - (1 + -3)). Suppose -19 = -2*v - 3*z, 25 = -i*v + 2*v - 3*z. Let w = 10 + v. Calculate the remainder when 60 is divided by w.
18
Let s = -13182 - -13884. What is the remainder when s is divided by -48*(1 - 10/6)?
30
Let y be 7/21 + 388/6 + -1. Suppose 63 = 4*v + 4*k - 65, 2*v = 4*k + y. Calculate the remainder when v is divided by 7.
4
Let q(s) = s**3 + 19*s**2 - 62*s - 835. Calculate the remainder when q(-20) is divided by (-4)/6*9/(-6).
0
Let x(y) = y**3 - 87. Let c be x(0). Let w = c - -228. Suppose 14*g + w = 17*g. Calculate the remainder when g is divided by 24.
23
Suppose 10*g - 2*g = 112. Suppose -6*c = -c + 2*w - 47, 4*w = 2*c - g. Suppose -c*z + 174 = -1320. What is the remainder when z is divided by 42?
40
Suppose 1729 = 15*r - 3386. Let y = -217 + r. Calculate the remainder when y is divided by 24.
4
Suppose 4*n + 2*z = 180, 9*n - 5*z = 10*n - 36. Let v = -74 - -210. What is the remainder when v is divided by n?
44
Let w(u) = -2*u**2 + 33*u + 37. Let r be 104/6 - (-13)/(-39). What is the remainder when 57 is divided by w(r)?
17
Let s = 429 - 419. Suppose -131 + 281 = s*h. Suppose -2*o = -4*o + 78. Calculate the remainder when o is divided by h.
9
Let q = -37 + 37. Suppose -3*d + 120 + 3 = q. Suppose s - 34 = 3*k, 32 - 140 = -4*s + 5*k. Calculate the remainder when d is divided by s.
19
Suppose -4*o - 89 = -c + 2, 0 = 3*o + 4*c + 92. What is the remainder when 140 is divided by o/16 + (-332)/(-8)?
20
Suppose 0*c = 4*c - 16. Suppose -5*s = -c*r + 127, 4*r = s + 122 + 25. Let o = -1534 + 1542. Calculate the remainder when r is divided by o.
6
Calculate the remainder when 780 is divided by (4*218/(-20))/((-42)/10 - -4).
126
Suppose 9*r - 462 + 93 = 0. What is the remainder when -8*(-5 - r/4) is divided by 38?
8
Let i(q) = 351*q + 2532. What is the remainder when i(-7) is divided by 30?
15
Calculate the remainder when 647 is divided by 99 + ((-780)/150 - (-8)/(-10)).
89
Let t(y) = -3*y**3 + 29*y**2 - 21*y - 9. What is the remainder when 1575 is divided by t(8)?
2
Suppose -10 = -5*v - 2*o + 1, o = -3*v + 7. Suppose 2*p + 5*f = 71, -p = -v*f - 0 - 30. Let i = 24 - 4. Calculate the remainder when p is divided by i.
13
Let d be 1*(6/6 + -8*45). Let i = -223 - d. Let a(u) = -10*u - 2. Calculate the remainder when i is divided by a(-3).
24
Let x(i) = 5*i**3 - 112*i**2 - 49*i - 410. Suppose 5*b + 20 = 0, 4*m - b = 8 + 12. Calculate the remainder when x(23) is divided by m.
2
Let f = 9519 + -8099. What is the remainder when f is divided by 7?
6
Let a(t) = -48*t - 150. Let d(y) = -9*y - 30. Let i(r) = -4*a(r) + 22*d(r). What is the remainder when 167 is divided by i(-11)?
5
Suppose w - 547*l - 532 = -546*l, 4*l = -2*w + 1094. Calculate the remainder when w is divided by 51.
27
Let p(d) = -d - 1. Let j(w) = -18*w + 13. Let k(u) = -j(u) - 2*p(u). Calculate the remainder when k(4) is divided by 28.
13
What is the remainder when (-4 - -2)/(454/(-120083)) is divided by 145?
94
Let n be (32/6 - 2)*(-459)/(-18). Suppose 83*a - n*a + 20 = 0. Let g(p) = -p**3 - 7*p**2 - 3*p + 10. Calculate the remainder when g(-7) is divided by a.
1
Suppose 4*g = 4*u - 272, -99*g + 96*g = 5*u + 236. What is the remainder when 155 is divided by (-96)/80 + g/(-10)?
5
Let w = -144 + 149. Suppose 2*h = w*u - 65, -3*u = -14*h + 9*h - 20. Suppose -152 = -4*p + 680. What is the remainder when p is divided by u?
13
Let h = 26 + 23. Suppose 4*m = -9 + h. Let l(d) = -88*d - 1636. Calculate the remainder when l(-19) is divided by m.
6
Suppose -2394 + 322 = -37*g. What is the remainder when g is divided by 4?
0
Let x(a) = 102*a + 1030. Calculate the remainder when 519 is divided by x(-10).
9
Let t(u) = 41*u**2 - u. Suppose -3*k + 21 = 0, -3*f - 200*k + 152 = -198*k. Calculate the remainder when t(3) is divided by f.
44
Suppose 0 = n + 2*w + 16 - 3, 0 = 4*n + w + 17. Let x be (n + 1)/((-6)/27*3). Suppose 3*a = 2*a + x. What is the remainder when 10 is divided by a?
1
Suppose 3*y - 5*y = m - 48, 5*y - 142 = -3*m. Let n(k) = 7*k**2 + 228*k + 931. What is the remainder when n(-4) is divided by m?
43
Let f = -352 - -461. Suppose -7*u + 4*z = -2*u - f, -1 = z. What is the remainder when 233/3 + 4/(-6) is divided by u?
14
Calculate the remainder when ((-392)/42 - -11)/(4/3756) is divided by 260.
5
Let z(p) = -38*p + 128. Let v be -1 - ((6 - 3) + -5 - 2). Suppose 0 = -3*s + 2*s + 20. Calculate the remainder when s is divided by z(v).
6
Let s(c) = -3*c + 144. Let n be s(16). Let t = -300 + 549. What is the remainder when t is divided by -8*n/(-18) + (-2)/3?
39
Suppose -4*b - 84 = -7*b. Suppose 30968 = 138*u + 968*u. What is the remainder when b is divided by u?
0
Let j = -4729 - -4826. Calculate the remainder when 118 is divided by j.
21
Suppose 2*r - 80 = 450. What is the remainder when r is divided by 18*((-6 - -8) + 1)?
49
Let x = -5 + 9. Let w(r) = 2*r - 8. Let h be w(x). Suppose 15 = -h*f + f. What is the remainder when 28 is divided by f?
13
Let q be 257/(-2) + 19/(-38). Let w = 161 + q. Calculate the remainder when w is divided by 6.
2
Suppose -5*b - 1915 = -5*g, -33*g + 38*g - 1888 = -4*b. Calculate the remainder when 774 is divided by g.
14
Let s = 77 + -75. Let u be s*(4 + (-25)/10). Suppose -1 = 4*m - 5, -u*m = 4*v - 355. What is the remainder when v is divided by 13?
10
Let j(r) = -r**3 - 3*r**2 - 2*r - 1. Let y be j(-2). Let c be (14/14)/(y/(-97)). Let w = -48 + c. Calculate the remainder when w is divided by 13.
10
Let g = 7 + -4. Suppose 84 = r + g*r. Let t = 46 + 58. Calculate the remainder when t is divided by r.
20
Let c = 14290 + -5873. Calculate the remainder when c is divided by 138.
137
Let w = 336 + -276. Let n = -128 + 160. What is the remainder when w is divided by n?
28
Let f(o) = -o**3 + 44*o**2 - 39*o + 207. Let j(c) = -c**2 - 15*c + 12. What is the remainder when f(43) is divided by j(-13)?
37
What is the remainder when 56 is divided by (-5)/(6/(-5) - (-165)/75) - -35?
26
Let c be (-26)/(-3)*(6 + -3)/1. Suppose a - 65 = 4*w, -a + 55 = -2*w + 4*a. Let q = c - w. Calculate the remainder when q is divided by 11.
8
Suppose -5*g + 2*r = -12399, -5*g - 45*r + 48*r = -12396. What is the remainder when g is divided by 36?
33
Suppose 5*u + 5*r = 90, -2*u + 5*r = -35 - 29. Suppose u + 0 = o. Let y = 12 - 7. What is the remainder when o is divided by y?
2
Calculate the remainder when (10 - 5) + ((-15896)/(-30) - (-8)/60) is divided by 258.
19
Let s(b) = 